{"id":86,"date":"2024-08-22T00:55:53","date_gmt":"2024-08-21T22:55:53","guid":{"rendered":"https:\/\/takso.fr\/?page_id=86"},"modified":"2024-08-22T14:43:13","modified_gmt":"2024-08-22T12:43:13","slug":"a-propos","status":"publish","type":"page","link":"https:\/\/takso.fr\/","title":{"rendered":"\u00c0 propos"},"content":{"rendered":"\n<p><strong>Takso est une soci\u00e9t\u00e9 de transport de marchandises et de logistique associ\u00e9e. Enregistr\u00e9e au Tribunal de Commerce de Paris et forte de plusieurs ann\u00e9es d&rsquo;experience, elle saura vous accompagner et mener vos projets de transport au succ\u00e8s.<\/strong><\/p>\n\n\n\n<p><\/p>\n","protected":false},"excerpt":{"rendered":"<p>Takso est une soci\u00e9t\u00e9 de transport de marchandises et de logistique associ\u00e9e. Enregistr\u00e9e au Tribunal de Commerce de Paris et forte de plusieurs ann\u00e9es d&rsquo;experience, elle saura vous accompagner et mener vos projets de transport au succ\u00e8s.<\/p>\n","protected":false},"author":1,"featured_media":0,"parent":0,"menu_order":2,"comment_status":"closed","ping_status":"closed","template":"left-sidebar.php","meta":{"footnotes":""},"class_list":["post-86","page","type-page","status-publish","hentry"],"_links":{"self":[{"href":"https:\/\/takso.fr\/index.php\/wp-json\/wp\/v2\/pages\/86","targetHints":{"allow":["GET"]}}],"collection":[{"href":"https:\/\/takso.fr\/index.php\/wp-json\/wp\/v2\/pages"}],"about":[{"href":"https:\/\/takso.fr\/index.php\/wp-json\/wp\/v2\/types\/page"}],"author":[{"embeddable":true,"href":"https:\/\/takso.fr\/index.php\/wp-json\/wp\/v2\/users\/1"}],"replies":[{"embeddable":true,"href":"https:\/\/takso.fr\/index.php\/wp-json\/wp\/v2\/comments?post=86"}],"version-history":[{"count":3,"href":"https:\/\/takso.fr\/index.php\/wp-json\/wp\/v2\/pages\/86\/revisions"}],"predecessor-version":[{"id":95,"href":"https:\/\/takso.fr\/index.php\/wp-json\/wp\/v2\/pages\/86\/revisions\/95"}],"wp:attachment":[{"href":"https:\/\/takso.fr\/index.php\/wp-json\/wp\/v2\/media?parent=86"}],"curies":[{"name":"wp","href":"https:\/\/api.w.org\/{rel}","templated":true}]}}